i, 4*i + 0*i = -4*z + 196. Suppose 20*l - 22*l = -z. What is the units digit of l?
3
Let h = 3697 - 2589. What is the thousands digit of h?
1
Let j be (2/7)/(22/308). What is the hundreds digit of (j - 1)*777/9?
2
Let w = -3 + 7. Suppose w*j - 3*o = 84, o = 3*o. Let f = -3 + j. What is the units digit of f?
8
What is the tens digit of 7 + (-1 - 12) + 679?
7
Let x(r) = -1131*r**3 + r**2 + r - 1. What is the hundreds digit of x(-1)?
1
Let v(m) = -26*m + 40. Let f be v(6). Let u = f + 179. What is the tens digit of u?
6
Let z be (11 - 18)/(6/(-4) + 1). Suppose -z + 107 = t. What is the tens digit of t?
9
What is the units digit of (-17 - (-18525)/(-10))/((-2)/4)?
9
What is the tens digit of 9*((-23)/(-1) + -6)?
5
What is the hundreds digit of (156/130)/((-2)/5) + 938?
9
Let i(l) = 13 - 8*l - 5 - 7 - l**2. What is the tens digit of i(-2)?
1
Let c(m) = 17 - 3 + 17*m - 37*m + 15*m. What is the units digit of c(-6)?
4
Let p be -6 - (-6)/2 - -5. Let s be -3 + (1 - -2) + p. Let r(i) = 3*i**2 + 2. What is the units digit of r(s)?
4
Suppose -2061 = -7*s + 15642. What is the tens digit of s?
2
Let d = 216 - -30. What is the tens digit of d?
4
Suppose 5*w - 4*h - 2665 = 0, 0*h - h = 2*w - 1079. What is the hundreds digit of w?
5
Let t be (8/(-6))/(12/54). What is the units digit of ((-9)/6)/(-1*t/(-8))?
2
Let d be (-44 - (4 + -2)) + -2. Let z(t) = 6*t + 43. Let w be z(-12). Let c = w - d. What is the tens digit of c?
1
Let v = -7 + 27. Let r be (-395)/v + (-1)/4. What is the tens digit of ((-11)/5)/(4/r)?
1
What is the tens digit of 8 + (-5 - (0 + -388))?
9
What is the tens digit of (-9)/(-90)*-4086*30/(-2)?
2
Let j(b) = -321*b**2 - 2*b. Let p be j(1). Let n = -202 - p. What is the hundreds digit of n?
1
Suppose 5*a + 3*f + 6 = 0, 3*a - f + 10 = -6*f. Suppose 23*j = 20*j + 12. Let v = a + j. What is the units digit of v?
4
Suppose -4*h = -5*h + 249. What is the units digit of h?
9
Let s(h) = -54*h - 343. What is the units digit of s(-24)?
3
Let c = -660 - -1024. What is the units digit of c?
4
Suppose 0 = 2*t - 2 + 4. Let d be t - (2 - (2 - -6)). Suppose d = 5*z - 5*q, 2*z + q - 2 = 6*q. What is the units digit of z?
1
Suppose -12 = 5*s + 38. Let o(u) = -2*u**2 + u + 1. Let f(y) = y**3 + 23*y**2 + 4*y + 5. Let t(p) = f(p) + 6*o(p). What is the units digit of t(s)?
1
Suppose -5*f = 4*a + 515, 5*a = -3*f - 50 - 246. Let g = 180 + f. Let h = g + -36. What is the tens digit of h?
3
What is the units digit of ((-344940)/(-108))/5 - (-2)/9?
9
Let h(d) = 62*d + 337. What is the tens digit of h(27)?
1
Suppose 12*k - 28*k = -400. What is the units digit of k?
5
Let u(g) = 34*g**2 - 1. Suppose -3*l - 2 = -2*j - 16, -4*j + 16 = 5*l. What is the tens digit of u(j)?
3
Let y be 785*(72/20 - 3). Suppose -5*j + 2221 - y = 0. Suppose -4*h - 349 = -5*z, -4*h - j = -5*z + h. What is the tens digit of z?
6
Suppose -83 = 3*n - 335. What is the units digit of n?
4
Let t be 30/4*10/5. Let v = 14 - t. Let j(a) = -13*a**3 + a**2 + 2*a + 2. What is the units digit of j(v)?
4
Suppose 4*u - 9*u = 30. Let d be 14/6*(27 + u). Let y = 72 - d. What is the tens digit of y?
2
Suppose 0 = -5*w + 2018 + 482. Suppose -s - 2*s = 5*y - w, -y + 128 = -5*s. What is the units digit of y?
3
Suppose 5*j = 7*j - 98. Suppose 20 = 3*k - j. What is the units digit of k?
3
Let l(v) = 7*v + 17. Let u(r) = -2*r - 19. Let y be u(-18). What is the hundreds digit of l(y)?
1
Suppose 27*l - 12975 = 8004. What is the tens digit of l?
7
Let h = 6 - 3. Let s be (-46)/3*h/(-2). Suppose -139 - s = -6*c. What is the tens digit of c?
2
Suppose 0 = 4*b - h - 165, 2*b - h - 69 = 14. Suppose 254 = 5*a - b. What is the units digit of a?
9
Let c = 25 + -21. Suppose c = -3*n - 5. What is the units digit of (-1)/n + (-130)/(-15)?
9
What is the units digit of (4 + (-56)/10)*-295?
2
Suppose -5*f = -0 + 15, -d + 5*f + 93 = 0. Let s = d - 12. What is the units digit of s?
6
Let u(z) = -z - 10. Let v be u(-10). Let g(b) = b**2 + 11*b + 15. Let n be g(-10). Suppose v*l + n*l = 155. What is the units digit of l?
1
Suppose 2*r + 19 - 5 = 0. Let p(y) = -2*y**3 - 13*y**2 + 6*y - 3. What is the units digit of p(r)?
4
Suppose 279*u = 283*u - 432. What is the tens digit of u?
0
Let z(v) = 7*v**3 + 6*v**2 + 3*v - 11. Let l(b) = -b**3 + 1. Let d(p) = 6*l(p) + z(p). What is the units digit of d(-4)?
5
Let k = 24 + -27. Let y be (6 + k - 5) + -8. What is the tens digit of 2 - y/(-1)*-2?
2
Suppose -6*n + 4*n = 22. Let v(k) = 11*k - 5. Let g be v(n). What is the units digit of g/(-15) + 2/(-5)?
8
Let j = 91 + 2019. What is the units digit of j?
0
Suppose 3*k = -2*k + 20, 5*g - 1642 = -3*k. Suppose -t = -5*r + 785, 3*t = -2*r + t + g. Let a = r + -106. What is the units digit of a?
2
Let w be ((-9)/6)/3*14. Let j = 173 + w. Suppose -5*d - 31 = -j. What is the tens digit of d?
2
Let l = -123 - -125. Suppose 2*k - 4*k = -4. Suppose l*f + k*f = 44. What is the units digit of f?
1
Let r(l) = -3*l + 21. Let d be r(11). Let p(y) = y**3 + 12*y**2 - 3*y + 5. What is the tens digit of p(d)?
4
Let i be (-9 + 11)*(-3)/(-2). Suppose -5*u - b - 85 = 3*b, -i*b - 15 = 0. Let x = 1 - u. What is the units digit of x?
4
Suppose -258 = -4*h + l, 5*l = -3*h + 781 - 576. What is the units digit of h?
5
Suppose -2103 - 12227 = -10*a. What is the thousands digit of a?
1
Suppose 3*c - 1208 = -5*q, 2*c - 2*q = 3*c - 404. What is the tens digit of c/14 + 1 - (-10)/(-35)?
2
Let j = 16 - 16. Suppose -m + 5*i + 138 = j, -5*m = -7*i + 2*i - 690. Let d = -89 + m. What is the tens digit of d?
4
Let o be (-5)/((-15)/12) + -2. Suppose -o*t = 2*t - 8. Suppose y - 3 = -t*y. What is the units digit of y?
1
Let o(w) = -122*w + 120. What is the tens digit of o(-5)?
3
Let g be 75/(-10)*(-2 - 0). Let s = -12 + g. What is the units digit of 9 + (s - (-2 - -2))?
2
What is the units digit of (648/(-63))/(2/(-175))?
0
Suppose -4*g = 3*x + 20, 3*x = -3*g + 5*g + 10. Suppose 0 = 2*b - x*b - 84. Suppose 5*r - 2*r = b. What is the tens digit of r?
1
Let n(h) = -6*h**3 + 2*h**2 + 2*h + 1. Let x be n(-1). Suppose 438 = x*c - c. What is the units digit of c?
3
Suppose 4*q - 1347 = 833. Let v = q + -921. What is the tens digit of v/(-16) - 1/2?
2
Suppose 7*u - 1068 = 2859. What is the hundreds digit of u?
5
Suppose 31787 - 11543 = 21*a. What is the units digit of a?
4
What is the thousands digit of 0 + 1272 - -4*(-9)/(-36)?
1
Let c be -185*(2/6 + 5/75). Suppose t + 4*t = 530. Let u = c + t. What is the tens digit of u?
3
Let w = -13 - 20. What is the units digit of 6/w - (2380/(-22) - -2)?
6
Suppose 0 = -3*g + 5*h - 35, 5*g + 4*h - 3*h + 21 = 0. Let p(j) = j**3 + 3*j**2 - 4. Let f be p(-4). What is the units digit of 2*g/(f/18)?
9
Let i(v) = 44 - 13 - 14 - 2*v. Let l(g) = -g**2 + 5. Let q be l(-4). What is the units digit of i(q)?
9
Let s be (-2 + (-52)/(-24))*4*-3. Let y = 22 - 37. Let l = s - y. What is the tens digit of l?
1
Suppose 2 + 2 = q. Suppose 2*b = 4*d, -8*d = -3*b - 4*d + q. Suppose 20 = r - 0*i - 2*i, -b*i + 156 = 5*r. What is the tens digit of r?
2
Let n(h) = 288*h**2 + 18*h + 7. What is the thousands digit of n(4)?
4
Suppose -7720 = -37*c + 27*c. What is the hundreds digit of c?
7
Suppose 0 = -2*w - 5*w + 3*w. Suppose w = -5*v - 3*x + 151, 2*x + 135 = 5*v - 3*x. What is the tens digit of v?
2
Let x(c) = -2 + 1 - 570*c**2 + 575*c**2. Suppose 2*r - r - 2 = 0. What is the tens digit of x(r)?
1
Suppose 0 = 3*h - 5*u + 3*u - 17, 3*h + u = 5. Suppose -q = -a - 3*q + 57, 4*q = -h*a + 165. What is the tens digit of a?
5
What is the thousands digit of 12/(-84) - ((-24655)/(-7))/(-1)?
3
Let g = -7947 + 13176. What is the tens digit of g?
2
Suppose 3*o - 475 = -5*x, -3*x + 132 + 152 = 2*o. What is the units digit of x?
8
Let f be (6 - 2) + (-13)/1. Let q(j) = -11*j. Let k be q(-8). What is the tens digit of (f/(-2) - 4)*k?
4
Let m(l) = 2*l + 5. Let n be m(-5). Let c(h) be the third derivative of h**6/120 + h**5/10 + 5*h**4/24 + h**3/3 - h**2 + 2*h. What is the units digit of c(n)?
2
Suppose 4*w = -2*w + 6. What is the units digit of -1*(w/(-2) - 1956/8)?
5
Suppose 2*c - 2*h - 12 = 0, 2*c + c + 2*h = 3. Let j be (-2 + c)*(-72)/(-4). Suppose -f - j = -4*f. What is the units digit of f?
6
What is the tens digit of (14/(-4))/(-7) - 831/(-2)?
1
Let h = 8 + 170. What is the tens digit of h?
7